**2 - 13 + 7*t**h - 10*t**2 + t**3. Let a be u(6). What is the greatest common divisor of a and 19?
19
Let u(j) = -j**2 - 2*j - 12. Let v be u(-7). Let b = -21 - v. What is the greatest common divisor of b and 13?
13
Let m = 1 - 3. Suppose 11*h - 53 - 123 = 0. Let b be ((-3)/4)/(m/h). Calculate the highest common factor of b and 66.
6
Let g(b) = -b + 5. Let y be g(4). Suppose -3*t + 2 + y = 0. Suppose -q - t + 13 = 0. Calculate the greatest common divisor of 12 and q.
12
Suppose 3*x = 0, -3*c + 3*x = -5*c + 60. What is the greatest common divisor of c and 150?
30
Let i = 1904 + -1876. Suppose -4*n = 4*o + 4, -n + 0*o = -2*o - 14. What is the highest common factor of i and n?
4
Let d(c) = c**3 + 20*c**2 + 8*c + 170. Let w be d(-20). Calculate the highest common factor of 1080 and w.
10
Suppose 5*w = -600 + 1225. What is the greatest common divisor of w and 50?
25
Let f(m) = 153*m**2 + 1. Let z be f(-1). Suppose -28*c + 114 + 101 = -401. Calculate the greatest common divisor of c and z.
22
Let x be -1 + -1 - (-15 - (195 + 5)). What is the highest common factor of 3 and x?
3
Let o(k) = 15*k + 543. Let l be o(-34). Calculate the highest common factor of 627 and l.
33
Let h(n) = -2 - 125*n - 17*n - 13*n. Let l be h(-2). Let q be ((-60)/(-300))/(2/280). Calculate the highest common divisor of q and l.
28
Suppose -2*q + 5*k + 40 = 0, 0 = -4*q - 0*q + 5*k + 60. Suppose 5*v - u - 14 = 0, 5*v - u = 4*u + q. Calculate the greatest common divisor of 48 and v.
3
Suppose -4*c + 2*k = c - 98, -4*c + 4*k = -88. Let r be 1348/14 + c/(-63). Calculate the greatest common divisor of r and 24.
24
Suppose x + 18 - 496 = -5*t, 2*x - 291 = -3*t. What is the greatest common factor of t and 38?
19
Suppose -i + 53 = -0*i + 2*u, -161 = -3*i - 4*u. Calculate the greatest common factor of i and 11.
11
Let h = 40 + -21. Let z(v) = 23*v - 3 + 6 - v**2 - 2. Let m be z(12). What is the highest common factor of m and h?
19
Let p(z) = 3*z**2 + 10*z + 16. Let b be p(-8). Calculate the highest common divisor of 16 and b.
16
Suppose -8*h = -1645 - 3891. Calculate the highest common divisor of 4 and h.
4
Let c(l) = -l**2 - 24*l - 70. Let b be c(-19). What is the highest common factor of b and 225?
25
Suppose -5*f + 29 = -4*u - 545, 431 = -3*u + 4*f. Let x be 3/(-12) - u/(-12). Let q be -3 + (-3 - -7 - x). Calculate the highest common factor of 65 and q.
13
Let n = 67 + -17. What is the greatest common factor of n and 20?
10
Suppose b + 4*b - 73 = -4*t, 2*t - 45 = -3*b. Calculate the highest common factor of b and 459.
17
Suppose 0 = -129*h + 859 + 3398. Suppose d - 49 - 63 = -5*w, 0 = 5*w - 5*d - 100. What is the highest common divisor of w and h?
11
Let j(v) = -3*v**2 - 45*v + 12. Let s be j(-6). What is the highest common divisor of 12 and s?
6
Let c = 97 + 13. Calculate the greatest common factor of 50 and c.
10
Suppose 3*s + 3988 + 221 = 4*f, 4 = 4*s. Calculate the highest common divisor of 13 and f.
13
Suppose -15 = -14*i + 11*i. Suppose 0 = i*s - 25, 0 = 3*u + s + s - 274. Suppose 5*c = c + u. Calculate the highest common factor of c and 242.
22
Suppose -4*y = -j + 29, -3*j + 4*y = -12 - 35. Calculate the greatest common divisor of 279 and j.
9
Suppose 5*i + 2*m - 300 = 0, -3*i + 9*m - 5*m = -180. What is the greatest common divisor of 66 and i?
6
Let j be 1/(1/8) + -3 + 6. Let z(c) = 23*c - 2. Let q be -2 - -4*(2 - 1). Let g be z(q). Calculate the greatest common divisor of j and g.
11
Suppose 2*h + 18 = -4*t, -29 = -3*h + 4*t - 6. Let x = -1060 + 1071. What is the highest common factor of h and x?
1
Suppose -28*y + 40*y = 144. Let j be (2/2)/(1/2). Let h be (j - -2)/(2/12). Calculate the greatest common factor of h and y.
12
Let d = -366 + 401. What is the highest common factor of d and 56?
7
Suppose 2*f - 5*f = 27. Let d(b) = -b**3 - 9*b**2 + 2*b + 3. Let r be d(f). Let g be (-303)/r - (-2)/(-10). Calculate the highest common factor of g and 20.
20
Suppose -3*w = g - 28, 5*g + 2*w + 3*w - 130 = 0. Let c be 270/g + 8/(-10). What is the greatest common factor of c and 30?
10
Suppose 0 = 2*w + 2*l - 1292, 8*w - 5*l = 10*w - 1286. What is the greatest common divisor of 48 and w?
24
Let y be (-4375)/(-28) - 1/4. Suppose w - y = -3*w. Suppose 0 = 3*u + 4*j - 146, 0 = -4*u + 5*j - w + 244. What is the greatest common factor of u and 20?
10
Let r(m) = -m**3 + 4*m**2 + 57*m + 5. Let u be r(-6). Calculate the highest common factor of 3611 and u.
23
Let c be (7 - 10)/(2/(-294)). Suppose 3*l = -0*l + c. What is the highest common factor of 21 and l?
21
Suppose 0*j + 4*j = 100. Suppose -4*w + 801 + 4799 = 0. Suppose 0 = 6*q + q - w. Calculate the highest common divisor of q and j.
25
Suppose 0 = 5*n + 5*v - 1200, n - v - 237 = 3. Let x be n*(4/6)/1. Let t = 42 - 26. Calculate the greatest common divisor of t and x.
16
Let q = 83 + -56. Let b = -55 - -60. Let l be 15/(-2)*(-90)/b. What is the greatest common divisor of q and l?
27
Let t = 0 - -14. Suppose -k + 3 = -t. Let q(b) = -b**3 + 5*b**2 + 2*b. Let r be q(-4). What is the greatest common divisor of k and r?
17
Suppose -s - 3*z = -3*s + 770, 5*s + 3*z - 1925 = 0. Calculate the highest common divisor of 7 and s.
7
Suppose 4*q - 1043 = -347. Let m = 251 - q. What is the greatest common factor of 7 and m?
7
Let v be 69/6 + (-5)/(-10). Let u = v + -8. Suppose -9*w + 550 = -u*w. Calculate the highest common divisor of w and 44.
22
Suppose 14*v = 39 + 3. Suppose -2*n + v*t + 0*t + 43 = 0, 3*n - 4*t - 62 = 0. Calculate the highest common divisor of 98 and n.
14
Suppose 0 = 4*g - 23 + 7. Let d = -881 + 882. What is the greatest common factor of g and d?
1
Let z(c) = 7*c + 150. Let s be z(-16). Calculate the highest common divisor of 1102 and s.
38
Let x(i) = i**3 + 8*i**2 + 8*i + 8. Let h be x(-7). Let c = 77 + -62. Suppose -c = -20*t + 15*t. Calculate the highest common factor of h and t.
1
Suppose 4*n - 28 = -3*k - k, -4*k + n + 48 = 0. Let q be ((-8)/10)/(1/(-10)). Let u = 19 - q. What is the highest common divisor of k and u?
11
Let r = 15 - 2. Suppose 0 = -u - 7 + r. Suppose 0 = u*m - 3*m - 30. Calculate the highest common factor of m and 10.
10
Let k(s) = 416*s**2 + 7*s - 7. Let o be k(1). What is the greatest common divisor of o and 32?
32
Let z be 21656/30 - (1158/90 - 13). Calculate the highest common factor of z and 19.
19
Let d(g) = 19*g**2 - 2*g + 10. Let h be d(-5). Suppose 4*u = u + h. Suppose 4*r + 0*r - 60 = 0. What is the highest common divisor of r and u?
15
Let y(r) = 13*r - 208*r - 95*r + 4 + 3. Let k be y(-1). What is the greatest common factor of k and 27?
27
Suppose 5*o = -5*x + 60, 2*o - 3*o = 3*x - 8. Suppose -5*w = -15, 4*d + 41 = w + 150. What is the highest common factor of o and d?
14
Suppose -7*a + 26 = 635. Let y = 293 + a. Let k be y/13 + 10/65. What is the greatest common divisor of 40 and k?
8
Let y(w) = -13*w + 261. Let i be y(-36). Calculate the greatest common factor of 9 and i.
9
Let z = -192 + 196. Let m(q) = -q**2 - 4*q + 5. Let k be m(-5). Let u = k - -2. Calculate the highest common factor of z and u.
2
Let z(l) = l**3 - 4*l**2 + 17*l + 22. Let s be z(9). Calculate the greatest common factor of 20 and s.
20
Suppose 4*o - 6 = o. Let p(n) = -o*n - 4 + n + 26. Let k be p(17). Calculate the highest common divisor of 25 and k.
5
Suppose 5*m = -s + 17, 16*m - 12*m - 17 = -s. Calculate the highest common divisor of 1139 and s.
17
Let s = 240 - 221. Calculate the highest common factor of s and 95.
19
Suppose 4*r - 1819 = 21. Let a be (r/3)/2 - 4/(-12). Calculate the greatest common divisor of a and 11.
11
Suppose 2*z + 114 = 546. What is the greatest common factor of z and 27?
27
Let r be (-1078 + 12)*(-1)/2. Calculate the greatest common divisor of r and 164.
41
Let q(f) = f**3 - 10*f**2 - 28*f + 351. Let c be q(9). Calculate the highest common divisor of c and 4338.
18
Suppose 654 = 4*q - 3*v, -5*q + 159 = -3*v - 657. Calculate the highest common factor of 378 and q.
54
Let x = 710 - 205. Calculate the greatest common divisor of x and 5.
5
Suppose 0 = -37*b + 48*b - 572. Calculate the highest common factor of b and 2444.
52
Let v = -5 + 17. What is the greatest common factor of 30 and v?
6
Suppose 3*o + 7*n - 3*n - 59 = 0, 0 = -4*o + 3*n + 37. Let z = o + 1. Calculate the greatest common divisor of z